{"id":2,"date":"2012-07-02T11:50:07","date_gmt":"2012-07-02T11:50:07","guid":{"rendered":"http:\/\/lenawennlund.se\/?page_id=2"},"modified":"2020-08-09T20:33:57","modified_gmt":"2020-08-09T20:33:57","slug":"start","status":"publish","type":"page","link":"https:\/\/lenawennlund.se\/","title":{"rendered":"Start"},"content":{"rendered":"<h2><img loading=\"lazy\" class=\" wp-image-303 alignleft\" style=\"border: 3px solid grey; margin-right: 15px;\" title=\"Blommor vid mur\" src=\"http:\/\/lenawennlund.se\/wp-content\/uploads\/2012\/07\/IMG_3484.png\" alt=\"\" width=\"260\" height=\"391\" srcset=\"https:\/\/lenawennlund.se\/wp-content\/uploads\/2012\/07\/IMG_3484.png 500w, https:\/\/lenawennlund.se\/wp-content\/uploads\/2012\/07\/IMG_3484-200x300.png 200w\" sizes=\"(max-width: 260px) 100vw, 260px\" \/>\u00c4r du intresserad av att utvecklas i samspelet med andra m\u00e4nniskor?<\/h2>\n<p>Det kan handla om att g\u00e5 i psykoterapi, f\u00e5 handledning i ditt arbete eller hur man kan utvecklas som chef.<\/p>\n<p>Jag erbjuder enskilda samtal, konsultationer, chefshandledning\/coachning, handledning enskilt eller f\u00f6r personalgrupper och utbildning.<\/p>\n<p>OBS Sidan uppdateras (augusti 2020)<\/p>\n<p><strong>Kontakt<\/strong><br \/>\nTelefon: 070 393 89 12<br \/>\nE-post: lena.wennlund [at] gmail.com<\/p>\n","protected":false},"excerpt":{"rendered":"<p>\u00c4r du intresserad av att utvecklas i samspelet med andra m\u00e4nniskor? Det kan handla om att g\u00e5 i psykoterapi, f\u00e5 handledning i ditt arbete eller hur man kan utvecklas som chef. Jag erbjuder enskilda samtal, konsultationer, chefshandledning\/coachning, handledning enskilt eller f\u00f6r personalgrupper och utbildning. OBS Sidan uppdateras (augusti 2020) Kontakt Telefon: 070 393 89 12 [&hellip;]<\/p>\n","protected":false},"author":1,"featured_media":0,"parent":0,"menu_order":1,"comment_status":"closed","ping_status":"closed","template":"","meta":[],"_links":{"self":[{"href":"https:\/\/lenawennlund.se\/index.php?rest_route=\/wp\/v2\/pages\/2"}],"collection":[{"href":"https:\/\/lenawennlund.se\/index.php?rest_route=\/wp\/v2\/pages"}],"about":[{"href":"https:\/\/lenawennlund.se\/index.php?rest_route=\/wp\/v2\/types\/page"}],"author":[{"embeddable":true,"href":"https:\/\/lenawennlund.se\/index.php?rest_route=\/wp\/v2\/users\/1"}],"replies":[{"embeddable":true,"href":"https:\/\/lenawennlund.se\/index.php?rest_route=%2Fwp%2Fv2%2Fcomments&post=2"}],"version-history":[{"count":65,"href":"https:\/\/lenawennlund.se\/index.php?rest_route=\/wp\/v2\/pages\/2\/revisions"}],"predecessor-version":[{"id":341,"href":"https:\/\/lenawennlund.se\/index.php?rest_route=\/wp\/v2\/pages\/2\/revisions\/341"}],"wp:attachment":[{"href":"https:\/\/lenawennlund.se\/index.php?rest_route=%2Fwp%2Fv2%2Fmedia&parent=2"}],"curies":[{"name":"wp","href":"https:\/\/api.w.org\/{rel}","templated":true}]}}